4609046 and 320274.
1318
What is the highest common divisor of 126621 and 59499?
99
Calculate the greatest common factor of 40773619 and 7771.
409
What is the highest common divisor of 1101248704 and 192?
64
Calculate the greatest common factor of 411851 and 407.
11
What is the greatest common factor of 16708096 and 1184?
32
What is the highest common divisor of 77793 and 201?
3
What is the greatest common factor of 555269 and 117902?
353
Calculate the highest common factor of 454701195 and 32225.
6445
What is the highest common divisor of 2432 and 776606?
38
What is the highest common factor of 118668 and 61712?
116
What is the highest common divisor of 3932 and 26302131?
983
What is the highest common divisor of 565862 and 250624?
1958
Calculate the highest common divisor of 198450434 and 2912.
182
What is the greatest common divisor of 2921 and 1102942?
23
What is the greatest common factor of 450 and 806512500?
450
Calculate the greatest common divisor of 13752 and 328.
8
What is the greatest common divisor of 16000 and 4565888?
128
Calculate the highest common divisor of 43568492 and 20636.
2948
What is the greatest common factor of 111111 and 106509?
39
Calculate the highest common divisor of 676367770 and 4810.
4810
Calculate the greatest common divisor of 72203 and 255543.
103
What is the highest common factor of 216358490 and 510?
170
Calculate the greatest common factor of 361 and 19982794.
361
Calculate the greatest common factor of 55166 and 1082.
2
What is the greatest common divisor of 32111641 and 278?
139
Calculate the highest common divisor of 221550 and 25956.
42
What is the highest common divisor of 131246 and 121187?
479
Calculate the highest common divisor of 221139860 and 380.
380
Calculate the greatest common factor of 7947 and 295805.
883
What is the highest common factor of 12250 and 5397950?
50
What is the highest common factor of 420384 and 290?
58
Calculate the highest common factor of 3976686 and 26936.
518
What is the greatest common divisor of 841812 and 21948?
708
Calculate the greatest common divisor of 369522 and 6966.
162
What is the greatest common divisor of 42378007 and 7?
7
Calculate the greatest common divisor of 45184087 and 13.
13
What is the greatest common factor of 38 and 5011421?
19
What is the greatest common factor of 245 and 2767405?
5
What is the highest common divisor of 18426 and 36489622?
6142
What is the highest common factor of 29 and 29662273?
29
What is the highest common factor of 733185283 and 46?
23
Calculate the highest common divisor of 6814807 and 5015.
17
What is the greatest common divisor of 75111174 and 12222?
1746
Calculate the highest common divisor of 24476 and 36453.
29
What is the greatest common divisor of 4550130 and 30810?
390
What is the highest common divisor of 59 and 111777329?
59
What is the highest common divisor of 709245 and 3675?
15
What is the highest common factor of 1161 and 3588327?
27
Calculate the highest common divisor of 38309544 and 777.
21
Calculate the highest common divisor of 9826634 and 92434.
818
What is the greatest common divisor of 247 and 64047100?
247
Calculate the highest common factor of 248790 and 1110.
30
Calculate the highest common factor of 667 and 2694883.
29
What is the greatest common factor of 23450 and 40575?
25
What is the highest common factor of 117018 and 9727663?
2167
Calculate the highest common factor of 507140589 and 807.
807
Calculate the greatest common divisor of 3328056 and 596088.
1224
What is the highest common divisor of 19 and 1615820287?
19
Calculate the highest common factor of 3968488 and 21733.
211
Calculate the greatest common factor of 36257 and 104546.
13
Calculate the highest common divisor of 228486 and 383748.
678
What is the greatest common divisor of 261477 and 71298?
153
Calculate the highest common divisor of 19074 and 98362.
374
What is the greatest common divisor of 154 and 94407874?
22
Calculate the greatest common factor of 11572 and 13396168.
1052
What is the highest common divisor of 515 and 501303266?
103
What is the greatest common divisor of 42075045 and 810?
405
Calculate the greatest common factor of 27 and 2756259.
9
What is the greatest common factor of 15368 and 1008977?
113
Calculate the highest common divisor of 26320 and 181055.
35
Calculate the highest common factor of 6542035 and 546965.
695
What is the highest common factor of 475 and 861050?
25
Calculate the highest common divisor of 20240 and 98960950.
2530
Calculate the highest common factor of 36410 and 50710.
110
What is the greatest common divisor of 27922738 and 15265?
3053
What is the greatest common factor of 12614201 and 1019?
1019
Calculate the highest common factor of 140 and 4732196.
28
What is the greatest common divisor of 4471647 and 134?
67
What is the greatest common factor of 3699920 and 14000?
560
What is the highest common factor of 657 and 83637?
9
What is the greatest common divisor of 142 and 5564199?
71
What is the highest common factor of 416 and 31162976?
416
Calculate the greatest common divisor of 4474270 and 320.
10
What is the greatest common factor of 2430 and 13638618?
486
What is the greatest common factor of 640 and 797072?
16
What is the highest common factor of 4820 and 39914580?
20
What is the highest common factor of 1896 and 802561?
79
What is the highest common divisor of 61677388 and 2539?
2539
What is the greatest common divisor of 1612 and 29941691?
403
Calculate the greatest common divisor of 6890949 and 9945.
117
What is the greatest common divisor of 112 and 1877557304?
56
What is the greatest common divisor of 121684 and 12528?
116
What is the highest common divisor of 33 and 215322525?
33
What is the greatest common factor of 6 and 436681689?
3
What is the highest common divisor of 232589998 and 4568?
1142
What is the greatest common divisor of 73848546 and 234?
18
Calculate the greatest common factor of 1249421 and 4426619.
3461
Calculate the highest common divisor of 148871 and 3296948.
3631
What is the greatest common divisor of 1069348 and 38248196?
5068
What is the highest common factor of 76032 and 365688?
216
Calculate the greatest common factor of 141 and 6233939.
47
Calculate the highest common divisor of 1066 and 12151334.
1066
Calculate the greatest common factor of 3782000 and 2.
2
What is the greatest common divisor of 987529 and 56669?
61
What is the highest common factor of 769624 and 1802?
34
What is the greatest common factor of 2950 and 46801278?
118
What is the greatest common factor of 5 and 1203610?
5
Calculate the highest common divisor of 8 and 5944364.
4
What is the greatest common divisor of 7000 and 114929500?
3500
What is the highest common factor of 2541077 and 1708?
427
What is the highest common divisor of 726915730 and 5?
5
What is the highest common divisor of 658413 and 224?
7
Calculate the highest common divisor of 146820 and 4380.
60
Calculate the highest common divisor of 76015 and 10301685.
3305
Calculate the greatest common divisor of 31308579 and 54.
27
What is the highest common factor of 76111729 and 388?
97
Calculate the highest common divisor of 33428 and 1169158.
274
Calculate the highest common factor of 926 and 39125352.
926
Calculate the greatest common factor of 29332152 and 8.
8
Calculate the highest common divisor of 31645827 and 699.
699
Calculate the greatest common divisor of 329248 and 28.
4
Calculate the highest common divisor of 30 and 130563710.
10
Calculate the greatest common divisor of 17252 and 11263286.
454
What is the greatest common factor of 2332058 and 46?
2
What is the greatest common factor of 1902 and 1336575342?
1902
What is the highest common factor of 37815576 and 216?
24
Calculate the highest common divisor of 2489886 and 78498.
882
Calculate the greatest common divisor of 50 and 129185440.
10
Calculate the greatest common factor of 13240008 and 51714.
306
What is the greatest common divisor of 31252532 and 4?
4
What is the highest common divisor of 11396280 and 4760?
280
Calculate the greatest common divisor of 4066 and 601511842.
4066
What is the greatest common factor of 80069360 and 56?
56
What is the greatest common divisor of 5984 and 594456?
136
What is the highest common factor of 4700740 and 4180?